{"id":46,"date":"2021-04-06T17:55:07","date_gmt":"2021-04-06T20:55:07","guid":{"rendered":"http:\/\/www.escuelaisrael927.cl\/wordpress\/?page_id=46"},"modified":"2021-04-21T19:01:11","modified_gmt":"2021-04-21T22:01:11","slug":"galeria-de-fotos","status":"publish","type":"page","link":"https:\/\/www.escuelaisrael927.cl\/wordpress\/index.php\/galeria-de-fotos\/","title":{"rendered":"SELLOS REPUBLICA DE ISRAEL"},"content":{"rendered":"\n<p><strong>Se<\/strong><strong>ll<\/strong><strong>o<\/strong><strong>s de la Escuela Rep\u00fablica de Israel<\/strong><\/p>\n\n\n\n<p>1.- &nbsp;Formar &nbsp;integralmente &nbsp;a &nbsp;la &nbsp;persona &nbsp;en &nbsp;diversas &nbsp;\u00e1reas: &nbsp;cognitiva, &nbsp;socio -afectiva,<\/p>\n\n\n\n<p>formaci\u00f3n ciudadana, art\u00edstico y deportivo recreacional.<\/p>\n\n\n\n<p>2.- &nbsp;Fomentar el respeto a la diversidad, principios y valores.<\/p>\n\n\n\n<p>3.- &nbsp;Promover la conciencia medio-ambiental y autocuidado.<\/p>\n\n\n\n<figure class=\"wp-block-gallery columns-1 is-cropped wp-block-gallery-1 is-layout-flex wp-block-gallery-is-layout-flex\"><ul class=\"blocks-gallery-grid\"><li class=\"blocks-gallery-item\"><figure><img fetchpriority=\"high\" decoding=\"async\" width=\"1024\" height=\"724\" src=\"http:\/\/www.escuelaisrael927.cl\/wordpress\/wp-content\/uploads\/2021\/04\/Lienzo-gigante-1-1024x724.jpg\" alt=\"\" data-id=\"146\" data-full-url=\"http:\/\/www.escuelaisrael927.cl\/wordpress\/wp-content\/uploads\/2021\/04\/Lienzo-gigante-1-scaled.jpg\" data-link=\"http:\/\/www.escuelaisrael927.cl\/wordpress\/index.php\/galeria-de-fotos\/lienzo-gigante-1\/\" class=\"wp-image-146\" srcset=\"https:\/\/www.escuelaisrael927.cl\/wordpress\/wp-content\/uploads\/2021\/04\/Lienzo-gigante-1-1024x724.jpg 1024w, https:\/\/www.escuelaisrael927.cl\/wordpress\/wp-content\/uploads\/2021\/04\/Lienzo-gigante-1-300x212.jpg 300w, https:\/\/www.escuelaisrael927.cl\/wordpress\/wp-content\/uploads\/2021\/04\/Lienzo-gigante-1-768x543.jpg 768w, https:\/\/www.escuelaisrael927.cl\/wordpress\/wp-content\/uploads\/2021\/04\/Lienzo-gigante-1-1536x1086.jpg 1536w, https:\/\/www.escuelaisrael927.cl\/wordpress\/wp-content\/uploads\/2021\/04\/Lienzo-gigante-1-2048x1448.jpg 2048w, https:\/\/www.escuelaisrael927.cl\/wordpress\/wp-content\/uploads\/2021\/04\/Lienzo-gigante-1-400x283.jpg 400w\" sizes=\"(max-width: 1024px) 100vw, 1024px\" \/><\/figure><\/li><\/ul><\/figure>\n\n\n\n<p><\/p>\n","protected":false},"excerpt":{"rendered":"<p>Sellos de la Escuela Rep\u00fablica de Israel 1.- &nbsp;Formar &nbsp;integralmente &nbsp;a &nbsp;la &nbsp;persona &nbsp;en &nbsp;diversas &nbsp;\u00e1reas: &nbsp;cognitiva, &nbsp;socio -afectiva, formaci\u00f3n ciudadana, art\u00edstico y deportivo recreacional. 2.- &nbsp;Fomentar el respeto a la diversidad, principios y valores. 3.- &nbsp;Promover la conciencia medio-ambiental y autocuidado.<\/p>\n","protected":false},"author":1,"featured_media":0,"parent":0,"menu_order":0,"comment_status":"closed","ping_status":"closed","template":"","meta":{"footnotes":""},"class_list":["post-46","page","type-page","status-publish","hentry"],"yoast_head":"<!-- This site is optimized with the Yoast SEO plugin v22.8 - https:\/\/yoast.com\/wordpress\/plugins\/seo\/ -->\n<title>SELLOS REPUBLICA DE ISRAEL - ESCUELA REP\u00daBLICA DE ISRAEL E-927<\/title>\n<meta name=\"robots\" content=\"index, follow, max-snippet:-1, max-image-preview:large, max-video-preview:-1\" \/>\n<link rel=\"canonical\" href=\"https:\/\/www.escuelaisrael927.cl\/wordpress\/index.php\/galeria-de-fotos\/\" \/>\n<meta property=\"og:locale\" content=\"es_ES\" \/>\n<meta property=\"og:type\" content=\"article\" \/>\n<meta property=\"og:title\" content=\"SELLOS REPUBLICA DE ISRAEL - ESCUELA REP\u00daBLICA DE ISRAEL E-927\" \/>\n<meta property=\"og:description\" content=\"Sellos de la Escuela Rep\u00fablica de Israel 1.- &nbsp;Formar &nbsp;integralmente &nbsp;a &nbsp;la &nbsp;persona &nbsp;en &nbsp;diversas &nbsp;\u00e1reas: &nbsp;cognitiva, &nbsp;socio -afectiva, formaci\u00f3n ciudadana, art\u00edstico y deportivo recreacional. 2.- &nbsp;Fomentar el respeto a la diversidad, principios y valores. 3.- &nbsp;Promover la conciencia medio-ambiental y autocuidado.\" \/>\n<meta property=\"og:url\" content=\"https:\/\/www.escuelaisrael927.cl\/wordpress\/index.php\/galeria-de-fotos\/\" \/>\n<meta property=\"og:site_name\" content=\"ESCUELA REP\u00daBLICA DE ISRAEL E-927\" \/>\n<meta property=\"article:publisher\" content=\"https:\/\/www.facebook.com\/Escuela-Rep%c3%bablica-de-Israel-Los-%c3%81ngeles-1828716017412048\" \/>\n<meta property=\"article:modified_time\" content=\"2021-04-21T22:01:11+00:00\" \/>\n<meta property=\"og:image\" content=\"http:\/\/www.escuelaisrael927.cl\/wordpress\/wp-content\/uploads\/2021\/04\/Lienzo-gigante-1-1024x724.jpg\" \/>\n<meta name=\"twitter:card\" content=\"summary_large_image\" \/>\n<script type=\"application\/ld+json\" class=\"yoast-schema-graph\">{\"@context\":\"https:\/\/schema.org\",\"@graph\":[{\"@type\":\"WebPage\",\"@id\":\"https:\/\/www.escuelaisrael927.cl\/wordpress\/index.php\/galeria-de-fotos\/\",\"url\":\"https:\/\/www.escuelaisrael927.cl\/wordpress\/index.php\/galeria-de-fotos\/\",\"name\":\"SELLOS REPUBLICA DE ISRAEL - ESCUELA REP\u00daBLICA DE ISRAEL E-927\",\"isPartOf\":{\"@id\":\"https:\/\/www.escuelaisrael927.cl\/wordpress\/#website\"},\"primaryImageOfPage\":{\"@id\":\"https:\/\/www.escuelaisrael927.cl\/wordpress\/index.php\/galeria-de-fotos\/#primaryimage\"},\"image\":{\"@id\":\"https:\/\/www.escuelaisrael927.cl\/wordpress\/index.php\/galeria-de-fotos\/#primaryimage\"},\"thumbnailUrl\":\"http:\/\/www.escuelaisrael927.cl\/wordpress\/wp-content\/uploads\/2021\/04\/Lienzo-gigante-1-1024x724.jpg\",\"datePublished\":\"2021-04-06T20:55:07+00:00\",\"dateModified\":\"2021-04-21T22:01:11+00:00\",\"breadcrumb\":{\"@id\":\"https:\/\/www.escuelaisrael927.cl\/wordpress\/index.php\/galeria-de-fotos\/#breadcrumb\"},\"inLanguage\":\"es\",\"potentialAction\":[{\"@type\":\"ReadAction\",\"target\":[\"https:\/\/www.escuelaisrael927.cl\/wordpress\/index.php\/galeria-de-fotos\/\"]}]},{\"@type\":\"ImageObject\",\"inLanguage\":\"es\",\"@id\":\"https:\/\/www.escuelaisrael927.cl\/wordpress\/index.php\/galeria-de-fotos\/#primaryimage\",\"url\":\"https:\/\/www.escuelaisrael927.cl\/wordpress\/wp-content\/uploads\/2021\/04\/Lienzo-gigante-1-scaled.jpg\",\"contentUrl\":\"https:\/\/www.escuelaisrael927.cl\/wordpress\/wp-content\/uploads\/2021\/04\/Lienzo-gigante-1-scaled.jpg\",\"width\":2560,\"height\":1810},{\"@type\":\"BreadcrumbList\",\"@id\":\"https:\/\/www.escuelaisrael927.cl\/wordpress\/index.php\/galeria-de-fotos\/#breadcrumb\",\"itemListElement\":[{\"@type\":\"ListItem\",\"position\":1,\"name\":\"Portada\",\"item\":\"https:\/\/www.escuelaisrael927.cl\/wordpress\/\"},{\"@type\":\"ListItem\",\"position\":2,\"name\":\"SELLOS REPUBLICA DE ISRAEL\"}]},{\"@type\":\"WebSite\",\"@id\":\"https:\/\/www.escuelaisrael927.cl\/wordpress\/#website\",\"url\":\"https:\/\/www.escuelaisrael927.cl\/wordpress\/\",\"name\":\"ESCUELA REPUBLICA DE ISRAEL E-927\",\"description\":\"200 a\u00f1os Los \u00c1ngeles  \",\"publisher\":{\"@id\":\"https:\/\/www.escuelaisrael927.cl\/wordpress\/#organization\"},\"potentialAction\":[{\"@type\":\"SearchAction\",\"target\":{\"@type\":\"EntryPoint\",\"urlTemplate\":\"https:\/\/www.escuelaisrael927.cl\/wordpress\/?s={search_term_string}\"},\"query-input\":\"required name=search_term_string\"}],\"inLanguage\":\"es\"},{\"@type\":\"Organization\",\"@id\":\"https:\/\/www.escuelaisrael927.cl\/wordpress\/#organization\",\"name\":\"Escuela Republica de Israel\",\"url\":\"https:\/\/www.escuelaisrael927.cl\/wordpress\/\",\"logo\":{\"@type\":\"ImageObject\",\"inLanguage\":\"es\",\"@id\":\"https:\/\/www.escuelaisrael927.cl\/wordpress\/#\/schema\/logo\/image\/\",\"url\":\"https:\/\/www.escuelaisrael927.cl\/wordpress\/wp-content\/uploads\/2021\/04\/logo11.png\",\"contentUrl\":\"https:\/\/www.escuelaisrael927.cl\/wordpress\/wp-content\/uploads\/2021\/04\/logo11.png\",\"width\":512,\"height\":518,\"caption\":\"Escuela Republica de Israel\"},\"image\":{\"@id\":\"https:\/\/www.escuelaisrael927.cl\/wordpress\/#\/schema\/logo\/image\/\"},\"sameAs\":[\"https:\/\/www.facebook.com\/Escuela-Rep\u00fablica-de-Israel-Los-\u00c1ngeles-1828716017412048\"]}]}<\/script>\n<!-- \/ Yoast SEO plugin. -->","yoast_head_json":{"title":"SELLOS REPUBLICA DE ISRAEL - ESCUELA REP\u00daBLICA DE ISRAEL E-927","robots":{"index":"index","follow":"follow","max-snippet":"max-snippet:-1","max-image-preview":"max-image-preview:large","max-video-preview":"max-video-preview:-1"},"canonical":"https:\/\/www.escuelaisrael927.cl\/wordpress\/index.php\/galeria-de-fotos\/","og_locale":"es_ES","og_type":"article","og_title":"SELLOS REPUBLICA DE ISRAEL - ESCUELA REP\u00daBLICA DE ISRAEL E-927","og_description":"Sellos de la Escuela Rep\u00fablica de Israel 1.- &nbsp;Formar &nbsp;integralmente &nbsp;a &nbsp;la &nbsp;persona &nbsp;en &nbsp;diversas &nbsp;\u00e1reas: &nbsp;cognitiva, &nbsp;socio -afectiva, formaci\u00f3n ciudadana, art\u00edstico y deportivo recreacional. 2.- &nbsp;Fomentar el respeto a la diversidad, principios y valores. 3.- &nbsp;Promover la conciencia medio-ambiental y autocuidado.","og_url":"https:\/\/www.escuelaisrael927.cl\/wordpress\/index.php\/galeria-de-fotos\/","og_site_name":"ESCUELA REP\u00daBLICA DE ISRAEL E-927","article_publisher":"https:\/\/www.facebook.com\/Escuela-Rep%c3%bablica-de-Israel-Los-%c3%81ngeles-1828716017412048","article_modified_time":"2021-04-21T22:01:11+00:00","og_image":[{"url":"http:\/\/www.escuelaisrael927.cl\/wordpress\/wp-content\/uploads\/2021\/04\/Lienzo-gigante-1-1024x724.jpg"}],"twitter_card":"summary_large_image","schema":{"@context":"https:\/\/schema.org","@graph":[{"@type":"WebPage","@id":"https:\/\/www.escuelaisrael927.cl\/wordpress\/index.php\/galeria-de-fotos\/","url":"https:\/\/www.escuelaisrael927.cl\/wordpress\/index.php\/galeria-de-fotos\/","name":"SELLOS REPUBLICA DE ISRAEL - ESCUELA REP\u00daBLICA DE ISRAEL E-927","isPartOf":{"@id":"https:\/\/www.escuelaisrael927.cl\/wordpress\/#website"},"primaryImageOfPage":{"@id":"https:\/\/www.escuelaisrael927.cl\/wordpress\/index.php\/galeria-de-fotos\/#primaryimage"},"image":{"@id":"https:\/\/www.escuelaisrael927.cl\/wordpress\/index.php\/galeria-de-fotos\/#primaryimage"},"thumbnailUrl":"http:\/\/www.escuelaisrael927.cl\/wordpress\/wp-content\/uploads\/2021\/04\/Lienzo-gigante-1-1024x724.jpg","datePublished":"2021-04-06T20:55:07+00:00","dateModified":"2021-04-21T22:01:11+00:00","breadcrumb":{"@id":"https:\/\/www.escuelaisrael927.cl\/wordpress\/index.php\/galeria-de-fotos\/#breadcrumb"},"inLanguage":"es","potentialAction":[{"@type":"ReadAction","target":["https:\/\/www.escuelaisrael927.cl\/wordpress\/index.php\/galeria-de-fotos\/"]}]},{"@type":"ImageObject","inLanguage":"es","@id":"https:\/\/www.escuelaisrael927.cl\/wordpress\/index.php\/galeria-de-fotos\/#primaryimage","url":"https:\/\/www.escuelaisrael927.cl\/wordpress\/wp-content\/uploads\/2021\/04\/Lienzo-gigante-1-scaled.jpg","contentUrl":"https:\/\/www.escuelaisrael927.cl\/wordpress\/wp-content\/uploads\/2021\/04\/Lienzo-gigante-1-scaled.jpg","width":2560,"height":1810},{"@type":"BreadcrumbList","@id":"https:\/\/www.escuelaisrael927.cl\/wordpress\/index.php\/galeria-de-fotos\/#breadcrumb","itemListElement":[{"@type":"ListItem","position":1,"name":"Portada","item":"https:\/\/www.escuelaisrael927.cl\/wordpress\/"},{"@type":"ListItem","position":2,"name":"SELLOS REPUBLICA DE ISRAEL"}]},{"@type":"WebSite","@id":"https:\/\/www.escuelaisrael927.cl\/wordpress\/#website","url":"https:\/\/www.escuelaisrael927.cl\/wordpress\/","name":"ESCUELA REPUBLICA DE ISRAEL E-927","description":"200 a\u00f1os Los \u00c1ngeles  ","publisher":{"@id":"https:\/\/www.escuelaisrael927.cl\/wordpress\/#organization"},"potentialAction":[{"@type":"SearchAction","target":{"@type":"EntryPoint","urlTemplate":"https:\/\/www.escuelaisrael927.cl\/wordpress\/?s={search_term_string}"},"query-input":"required name=search_term_string"}],"inLanguage":"es"},{"@type":"Organization","@id":"https:\/\/www.escuelaisrael927.cl\/wordpress\/#organization","name":"Escuela Republica de Israel","url":"https:\/\/www.escuelaisrael927.cl\/wordpress\/","logo":{"@type":"ImageObject","inLanguage":"es","@id":"https:\/\/www.escuelaisrael927.cl\/wordpress\/#\/schema\/logo\/image\/","url":"https:\/\/www.escuelaisrael927.cl\/wordpress\/wp-content\/uploads\/2021\/04\/logo11.png","contentUrl":"https:\/\/www.escuelaisrael927.cl\/wordpress\/wp-content\/uploads\/2021\/04\/logo11.png","width":512,"height":518,"caption":"Escuela Republica de Israel"},"image":{"@id":"https:\/\/www.escuelaisrael927.cl\/wordpress\/#\/schema\/logo\/image\/"},"sameAs":["https:\/\/www.facebook.com\/Escuela-Rep\u00fablica-de-Israel-Los-\u00c1ngeles-1828716017412048"]}]}},"_links":{"self":[{"href":"https:\/\/www.escuelaisrael927.cl\/wordpress\/index.php\/wp-json\/wp\/v2\/pages\/46","targetHints":{"allow":["GET"]}}],"collection":[{"href":"https:\/\/www.escuelaisrael927.cl\/wordpress\/index.php\/wp-json\/wp\/v2\/pages"}],"about":[{"href":"https:\/\/www.escuelaisrael927.cl\/wordpress\/index.php\/wp-json\/wp\/v2\/types\/page"}],"author":[{"embeddable":true,"href":"https:\/\/www.escuelaisrael927.cl\/wordpress\/index.php\/wp-json\/wp\/v2\/users\/1"}],"replies":[{"embeddable":true,"href":"https:\/\/www.escuelaisrael927.cl\/wordpress\/index.php\/wp-json\/wp\/v2\/comments?post=46"}],"version-history":[{"count":7,"href":"https:\/\/www.escuelaisrael927.cl\/wordpress\/index.php\/wp-json\/wp\/v2\/pages\/46\/revisions"}],"predecessor-version":[{"id":158,"href":"https:\/\/www.escuelaisrael927.cl\/wordpress\/index.php\/wp-json\/wp\/v2\/pages\/46\/revisions\/158"}],"wp:attachment":[{"href":"https:\/\/www.escuelaisrael927.cl\/wordpress\/index.php\/wp-json\/wp\/v2\/media?parent=46"}],"curies":[{"name":"wp","href":"https:\/\/api.w.org\/{rel}","templated":true}]}}