{"id":26,"date":"2021-04-06T17:31:40","date_gmt":"2021-04-06T20:31:40","guid":{"rendered":"http:\/\/www.escuelaisrael927.cl\/wordpress\/?page_id=26"},"modified":"2021-04-21T18:22:10","modified_gmt":"2021-04-21T21:22:10","slug":"acerca-de","status":"publish","type":"page","link":"https:\/\/www.escuelaisrael927.cl\/wordpress\/index.php\/acerca-de\/","title":{"rendered":"MISI\u00d3N Y VISI\u00d3N ESCUELA REP\u00daBLICA DE ISRAEL"},"content":{"rendered":"\n<p>MISI\u00d3N DE LA ESCUELA <\/p>\n\n\n\n<p>Formar personas \u00edntegras, mediante una educaci\u00f3n centrada en aprendizajes y valores;<br>fortaleciendo la atenci\u00f3n a la diversidad, promoviendo la conciencia medioambiental,<br>brindando igualdad de oportunidades a todos los estudiantes, prepar\u00e1ndolos para la<br>inserci\u00f3n a la Ense\u00f1anza Media y en la sociedad actual.<\/p>\n\n\n\n<p>VISI\u00d3N DE LA ESCUELA <\/p>\n\n\n\n<p>La Escuela ser\u00e1 una comunidad profesional de aprendizajes y formaci\u00f3n integral, con una<br>mirada acad\u00e9mica acorde a la diversidad e interculturalidad, intereses, caracter\u00edsticas,<br>conocimientos, habilidades y valores de los estudiantes siendo conscientes y respetuosos<br>de nuestro medio ambiente; como agentes activos, democr\u00e1ticos y cr\u00edticos de su formaci\u00f3n<br>y la sociedad.<\/p>\n","protected":false},"excerpt":{"rendered":"<p>MISI\u00d3N DE LA ESCUELA Formar personas \u00edntegras, mediante una educaci\u00f3n centrada en aprendizajes y valores;fortaleciendo la atenci\u00f3n a la diversidad, promoviendo la conciencia medioambiental,brindando igualdad de oportunidades a todos los estudiantes, prepar\u00e1ndolos para lainserci\u00f3n a la Ense\u00f1anza Media y en la sociedad actual. VISI\u00d3N DE LA ESCUELA La Escuela ser\u00e1 una comunidad profesional de aprendizajes [&hellip;]<\/p>\n","protected":false},"author":1,"featured_media":0,"parent":0,"menu_order":0,"comment_status":"closed","ping_status":"closed","template":"","meta":{"footnotes":""},"class_list":["post-26","page","type-page","status-publish","hentry"],"yoast_head":"<!-- This site is optimized with the Yoast SEO plugin v22.8 - https:\/\/yoast.com\/wordpress\/plugins\/seo\/ -->\n<title>MISI\u00d3N Y VISI\u00d3N ESCUELA REP\u00daBLICA DE ISRAEL - ESCUELA REP\u00daBLICA DE ISRAEL E-927<\/title>\n<meta name=\"robots\" content=\"index, follow, max-snippet:-1, max-image-preview:large, max-video-preview:-1\" \/>\n<link rel=\"canonical\" href=\"https:\/\/www.escuelaisrael927.cl\/wordpress\/index.php\/acerca-de\/\" \/>\n<meta property=\"og:locale\" content=\"es_ES\" \/>\n<meta property=\"og:type\" content=\"article\" \/>\n<meta property=\"og:title\" content=\"MISI\u00d3N Y VISI\u00d3N ESCUELA REP\u00daBLICA DE ISRAEL - ESCUELA REP\u00daBLICA DE ISRAEL E-927\" \/>\n<meta property=\"og:description\" content=\"MISI\u00d3N DE LA ESCUELA Formar personas \u00edntegras, mediante una educaci\u00f3n centrada en aprendizajes y valores;fortaleciendo la atenci\u00f3n a la diversidad, promoviendo la conciencia medioambiental,brindando igualdad de oportunidades a todos los estudiantes, prepar\u00e1ndolos para lainserci\u00f3n a la Ense\u00f1anza Media y en la sociedad actual. VISI\u00d3N DE LA ESCUELA La Escuela ser\u00e1 una comunidad profesional de aprendizajes [&hellip;]\" \/>\n<meta property=\"og:url\" content=\"https:\/\/www.escuelaisrael927.cl\/wordpress\/index.php\/acerca-de\/\" \/>\n<meta property=\"og:site_name\" content=\"ESCUELA REP\u00daBLICA DE ISRAEL E-927\" \/>\n<meta property=\"article:publisher\" content=\"https:\/\/www.facebook.com\/Escuela-Rep%c3%bablica-de-Israel-Los-%c3%81ngeles-1828716017412048\" \/>\n<meta property=\"article:modified_time\" content=\"2021-04-21T21:22:10+00:00\" \/>\n<meta name=\"twitter:card\" content=\"summary_large_image\" \/>\n<meta name=\"twitter:label1\" content=\"Tiempo de lectura\" \/>\n\t<meta name=\"twitter:data1\" content=\"1 minuto\" \/>\n<script type=\"application\/ld+json\" class=\"yoast-schema-graph\">{\"@context\":\"https:\/\/schema.org\",\"@graph\":[{\"@type\":\"WebPage\",\"@id\":\"https:\/\/www.escuelaisrael927.cl\/wordpress\/index.php\/acerca-de\/\",\"url\":\"https:\/\/www.escuelaisrael927.cl\/wordpress\/index.php\/acerca-de\/\",\"name\":\"MISI\u00d3N Y VISI\u00d3N ESCUELA REP\u00daBLICA DE ISRAEL - ESCUELA REP\u00daBLICA DE ISRAEL E-927\",\"isPartOf\":{\"@id\":\"https:\/\/www.escuelaisrael927.cl\/wordpress\/#website\"},\"datePublished\":\"2021-04-06T20:31:40+00:00\",\"dateModified\":\"2021-04-21T21:22:10+00:00\",\"breadcrumb\":{\"@id\":\"https:\/\/www.escuelaisrael927.cl\/wordpress\/index.php\/acerca-de\/#breadcrumb\"},\"inLanguage\":\"es\",\"potentialAction\":[{\"@type\":\"ReadAction\",\"target\":[\"https:\/\/www.escuelaisrael927.cl\/wordpress\/index.php\/acerca-de\/\"]}]},{\"@type\":\"BreadcrumbList\",\"@id\":\"https:\/\/www.escuelaisrael927.cl\/wordpress\/index.php\/acerca-de\/#breadcrumb\",\"itemListElement\":[{\"@type\":\"ListItem\",\"position\":1,\"name\":\"Portada\",\"item\":\"https:\/\/www.escuelaisrael927.cl\/wordpress\/\"},{\"@type\":\"ListItem\",\"position\":2,\"name\":\"MISI\u00d3N Y VISI\u00d3N ESCUELA REP\u00daBLICA DE ISRAEL\"}]},{\"@type\":\"WebSite\",\"@id\":\"https:\/\/www.escuelaisrael927.cl\/wordpress\/#website\",\"url\":\"https:\/\/www.escuelaisrael927.cl\/wordpress\/\",\"name\":\"ESCUELA REPUBLICA DE ISRAEL E-927\",\"description\":\"200 a\u00f1os Los \u00c1ngeles  \",\"publisher\":{\"@id\":\"https:\/\/www.escuelaisrael927.cl\/wordpress\/#organization\"},\"potentialAction\":[{\"@type\":\"SearchAction\",\"target\":{\"@type\":\"EntryPoint\",\"urlTemplate\":\"https:\/\/www.escuelaisrael927.cl\/wordpress\/?s={search_term_string}\"},\"query-input\":\"required name=search_term_string\"}],\"inLanguage\":\"es\"},{\"@type\":\"Organization\",\"@id\":\"https:\/\/www.escuelaisrael927.cl\/wordpress\/#organization\",\"name\":\"Escuela Republica de Israel\",\"url\":\"https:\/\/www.escuelaisrael927.cl\/wordpress\/\",\"logo\":{\"@type\":\"ImageObject\",\"inLanguage\":\"es\",\"@id\":\"https:\/\/www.escuelaisrael927.cl\/wordpress\/#\/schema\/logo\/image\/\",\"url\":\"https:\/\/www.escuelaisrael927.cl\/wordpress\/wp-content\/uploads\/2021\/04\/logo11.png\",\"contentUrl\":\"https:\/\/www.escuelaisrael927.cl\/wordpress\/wp-content\/uploads\/2021\/04\/logo11.png\",\"width\":512,\"height\":518,\"caption\":\"Escuela Republica de Israel\"},\"image\":{\"@id\":\"https:\/\/www.escuelaisrael927.cl\/wordpress\/#\/schema\/logo\/image\/\"},\"sameAs\":[\"https:\/\/www.facebook.com\/Escuela-Rep\u00fablica-de-Israel-Los-\u00c1ngeles-1828716017412048\"]}]}<\/script>\n<!-- \/ Yoast SEO plugin. -->","yoast_head_json":{"title":"MISI\u00d3N Y VISI\u00d3N ESCUELA REP\u00daBLICA DE ISRAEL - ESCUELA REP\u00daBLICA DE ISRAEL E-927","robots":{"index":"index","follow":"follow","max-snippet":"max-snippet:-1","max-image-preview":"max-image-preview:large","max-video-preview":"max-video-preview:-1"},"canonical":"https:\/\/www.escuelaisrael927.cl\/wordpress\/index.php\/acerca-de\/","og_locale":"es_ES","og_type":"article","og_title":"MISI\u00d3N Y VISI\u00d3N ESCUELA REP\u00daBLICA DE ISRAEL - ESCUELA REP\u00daBLICA DE ISRAEL E-927","og_description":"MISI\u00d3N DE LA ESCUELA Formar personas \u00edntegras, mediante una educaci\u00f3n centrada en aprendizajes y valores;fortaleciendo la atenci\u00f3n a la diversidad, promoviendo la conciencia medioambiental,brindando igualdad de oportunidades a todos los estudiantes, prepar\u00e1ndolos para lainserci\u00f3n a la Ense\u00f1anza Media y en la sociedad actual. VISI\u00d3N DE LA ESCUELA La Escuela ser\u00e1 una comunidad profesional de aprendizajes [&hellip;]","og_url":"https:\/\/www.escuelaisrael927.cl\/wordpress\/index.php\/acerca-de\/","og_site_name":"ESCUELA REP\u00daBLICA DE ISRAEL E-927","article_publisher":"https:\/\/www.facebook.com\/Escuela-Rep%c3%bablica-de-Israel-Los-%c3%81ngeles-1828716017412048","article_modified_time":"2021-04-21T21:22:10+00:00","twitter_card":"summary_large_image","twitter_misc":{"Tiempo de lectura":"1 minuto"},"schema":{"@context":"https:\/\/schema.org","@graph":[{"@type":"WebPage","@id":"https:\/\/www.escuelaisrael927.cl\/wordpress\/index.php\/acerca-de\/","url":"https:\/\/www.escuelaisrael927.cl\/wordpress\/index.php\/acerca-de\/","name":"MISI\u00d3N Y VISI\u00d3N ESCUELA REP\u00daBLICA DE ISRAEL - ESCUELA REP\u00daBLICA DE ISRAEL E-927","isPartOf":{"@id":"https:\/\/www.escuelaisrael927.cl\/wordpress\/#website"},"datePublished":"2021-04-06T20:31:40+00:00","dateModified":"2021-04-21T21:22:10+00:00","breadcrumb":{"@id":"https:\/\/www.escuelaisrael927.cl\/wordpress\/index.php\/acerca-de\/#breadcrumb"},"inLanguage":"es","potentialAction":[{"@type":"ReadAction","target":["https:\/\/www.escuelaisrael927.cl\/wordpress\/index.php\/acerca-de\/"]}]},{"@type":"BreadcrumbList","@id":"https:\/\/www.escuelaisrael927.cl\/wordpress\/index.php\/acerca-de\/#breadcrumb","itemListElement":[{"@type":"ListItem","position":1,"name":"Portada","item":"https:\/\/www.escuelaisrael927.cl\/wordpress\/"},{"@type":"ListItem","position":2,"name":"MISI\u00d3N Y VISI\u00d3N ESCUELA REP\u00daBLICA DE ISRAEL"}]},{"@type":"WebSite","@id":"https:\/\/www.escuelaisrael927.cl\/wordpress\/#website","url":"https:\/\/www.escuelaisrael927.cl\/wordpress\/","name":"ESCUELA REPUBLICA DE ISRAEL E-927","description":"200 a\u00f1os Los \u00c1ngeles  ","publisher":{"@id":"https:\/\/www.escuelaisrael927.cl\/wordpress\/#organization"},"potentialAction":[{"@type":"SearchAction","target":{"@type":"EntryPoint","urlTemplate":"https:\/\/www.escuelaisrael927.cl\/wordpress\/?s={search_term_string}"},"query-input":"required name=search_term_string"}],"inLanguage":"es"},{"@type":"Organization","@id":"https:\/\/www.escuelaisrael927.cl\/wordpress\/#organization","name":"Escuela Republica de Israel","url":"https:\/\/www.escuelaisrael927.cl\/wordpress\/","logo":{"@type":"ImageObject","inLanguage":"es","@id":"https:\/\/www.escuelaisrael927.cl\/wordpress\/#\/schema\/logo\/image\/","url":"https:\/\/www.escuelaisrael927.cl\/wordpress\/wp-content\/uploads\/2021\/04\/logo11.png","contentUrl":"https:\/\/www.escuelaisrael927.cl\/wordpress\/wp-content\/uploads\/2021\/04\/logo11.png","width":512,"height":518,"caption":"Escuela Republica de Israel"},"image":{"@id":"https:\/\/www.escuelaisrael927.cl\/wordpress\/#\/schema\/logo\/image\/"},"sameAs":["https:\/\/www.facebook.com\/Escuela-Rep\u00fablica-de-Israel-Los-\u00c1ngeles-1828716017412048"]}]}},"_links":{"self":[{"href":"https:\/\/www.escuelaisrael927.cl\/wordpress\/index.php\/wp-json\/wp\/v2\/pages\/26","targetHints":{"allow":["GET"]}}],"collection":[{"href":"https:\/\/www.escuelaisrael927.cl\/wordpress\/index.php\/wp-json\/wp\/v2\/pages"}],"about":[{"href":"https:\/\/www.escuelaisrael927.cl\/wordpress\/index.php\/wp-json\/wp\/v2\/types\/page"}],"author":[{"embeddable":true,"href":"https:\/\/www.escuelaisrael927.cl\/wordpress\/index.php\/wp-json\/wp\/v2\/users\/1"}],"replies":[{"embeddable":true,"href":"https:\/\/www.escuelaisrael927.cl\/wordpress\/index.php\/wp-json\/wp\/v2\/comments?post=26"}],"version-history":[{"count":4,"href":"https:\/\/www.escuelaisrael927.cl\/wordpress\/index.php\/wp-json\/wp\/v2\/pages\/26\/revisions"}],"predecessor-version":[{"id":140,"href":"https:\/\/www.escuelaisrael927.cl\/wordpress\/index.php\/wp-json\/wp\/v2\/pages\/26\/revisions\/140"}],"wp:attachment":[{"href":"https:\/\/www.escuelaisrael927.cl\/wordpress\/index.php\/wp-json\/wp\/v2\/media?parent=26"}],"curies":[{"name":"wp","href":"https:\/\/api.w.org\/{rel}","templated":true}]}}

MISIÓN Y VISIÓN ESCUELA REPÚBLICA DE ISRAEL

<p>MISIÓN DE LA ESCUELA </p>



<p>Formar personas íntegras, mediante una educación centrada en aprendizajes y valores;<br>fortaleciendo la atención a la diversidad, promoviendo la conciencia medioambiental,<br>brindando igualdad de oportunidades a todos los estudiantes, preparándolos para la<br>inserción a la Enseñanza Media y en la sociedad actual.</p>



<p>VISIÓN DE LA ESCUELA </p>



<p>La Escuela será una comunidad profesional de aprendizajes y formación integral, con una<br>mirada académica acorde a la diversidad e interculturalidad, intereses, características,<br>conocimientos, habilidades y valores de los estudiantes siendo conscientes y respetuosos<br>de nuestro medio ambiente; como agentes activos, democráticos y críticos de su formación<br>y la sociedad.</p>

<p>MISIÓN DE LA ESCUELA Formar personas íntegras, mediante una educación centrada en aprendizajes y valores;fortaleciendo la atención a la diversidad, promoviendo la conciencia medioambiental,brindando igualdad de oportunidades a todos los estudiantes, preparándolos para lainserción a la Enseñanza Media y en la sociedad actual. VISIÓN DE LA ESCUELA La Escuela será una comunidad profesional de aprendizajes [&hellip;]</p>

<!-- This site is optimized with the Yoast SEO plugin v22.8 - https://yoast.com/wordpress/plugins/seo/ -->
<title>MISIÓN Y VISIÓN ESCUELA REPÚBLICA DE ISRAEL - ESCUELA REPÚBLICA DE ISRAEL E-927</title>
<meta name="robots" content="index, follow, max-snippet:-1, max-image-preview:large, max-video-preview:-1" />
<link rel="canonical" href="https://www.escuelaisrael927.cl/wordpress/index.php/acerca-de/" />
<meta property="og:locale" content="es_ES" />
<meta property="og:type" content="article" />
<meta property="og:title" content="MISIÓN Y VISIÓN ESCUELA REPÚBLICA DE ISRAEL - ESCUELA REPÚBLICA DE ISRAEL E-927" />
<meta property="og:description" content="MISIÓN DE LA ESCUELA Formar personas íntegras, mediante una educación centrada en aprendizajes y valores;fortaleciendo la atención a la diversidad, promoviendo la conciencia medioambiental,brindando igualdad de oportunidades a todos los estudiantes, preparándolos para lainserción a la Enseñanza Media y en la sociedad actual. VISIÓN DE LA ESCUELA La Escuela será una comunidad profesional de aprendizajes [&hellip;]" />
<meta property="og:url" content="https://www.escuelaisrael927.cl/wordpress/index.php/acerca-de/" />
<meta property="og:site_name" content="ESCUELA REPÚBLICA DE ISRAEL E-927" />
<meta property="article:publisher" content="https://www.facebook.com/Escuela-Rep%c3%bablica-de-Israel-Los-%c3%81ngeles-1828716017412048" />
<meta property="article:modified_time" content="2021-04-21T21:22:10+00:00" />
<meta name="twitter:card" content="summary_large_image" />
<meta name="twitter:label1" content="Tiempo de lectura" />
	<meta name="twitter:data1" content="1 minuto" />
<script type="application/ld+json" class="yoast-schema-graph">{"@context":"https://schema.org","@graph":[{"@type":"WebPage","@id":"https://www.escuelaisrael927.cl/wordpress/index.php/acerca-de/","url":"https://www.escuelaisrael927.cl/wordpress/index.php/acerca-de/","name":"MISIÓN Y VISIÓN ESCUELA REPÚBLICA DE ISRAEL - ESCUELA REPÚBLICA DE ISRAEL E-927","isPartOf":{"@id":"https://www.escuelaisrael927.cl/wordpress/#website"},"datePublished":"2021-04-06T20:31:40+00:00","dateModified":"2021-04-21T21:22:10+00:00","breadcrumb":{"@id":"https://www.escuelaisrael927.cl/wordpress/index.php/acerca-de/#breadcrumb"},"inLanguage":"es","potentialAction":[{"@type":"ReadAction","target":["https://www.escuelaisrael927.cl/wordpress/index.php/acerca-de/"]}]},{"@type":"BreadcrumbList","@id":"https://www.escuelaisrael927.cl/wordpress/index.php/acerca-de/#breadcrumb","itemListElement":[{"@type":"ListItem","position":1,"name":"Portada","item":"https://www.escuelaisrael927.cl/wordpress/"},{"@type":"ListItem","position":2,"name":"MISIÓN Y VISIÓN ESCUELA REPÚBLICA DE ISRAEL"}]},{"@type":"WebSite","@id":"https://www.escuelaisrael927.cl/wordpress/#website","url":"https://www.escuelaisrael927.cl/wordpress/","name":"ESCUELA REPUBLICA DE ISRAEL E-927","description":"200 años Los Ángeles  ","publisher":{"@id":"https://www.escuelaisrael927.cl/wordpress/#organization"},"potentialAction":[{"@type":"SearchAction","target":{"@type":"EntryPoint","urlTemplate":"https://www.escuelaisrael927.cl/wordpress/?s={search_term_string}"},"query-input":"required name=search_term_string"}],"inLanguage":"es"},{"@type":"Organization","@id":"https://www.escuelaisrael927.cl/wordpress/#organization","name":"Escuela Republica de Israel","url":"https://www.escuelaisrael927.cl/wordpress/","logo":{"@type":"ImageObject","inLanguage":"es","@id":"https://www.escuelaisrael927.cl/wordpress/#/schema/logo/image/","url":"https://www.escuelaisrael927.cl/wordpress/wp-content/uploads/2021/04/logo11.png","contentUrl":"https://www.escuelaisrael927.cl/wordpress/wp-content/uploads/2021/04/logo11.png","width":512,"height":518,"caption":"Escuela Republica de Israel"},"image":{"@id":"https://www.escuelaisrael927.cl/wordpress/#/schema/logo/image/"},"sameAs":["https://www.facebook.com/Escuela-República-de-Israel-Los-Ángeles-1828716017412048"]}]}</script>
<!-- / Yoast SEO plugin. -->

MISIÓN Y VISIÓN ESCUELA REPÚBLICA DE ISRAEL - ESCUELA REPÚBLICA DE ISRAEL E-927

MISIÓN DE LA ESCUELA Formar personas íntegras, mediante una educación centrada en aprendizajes y valores;fortaleciendo la atención a la diversidad, promoviendo la conciencia medioambiental,brindando igualdad de oportunidades a todos los estudiantes, preparándolos para lainserción a la Enseñanza Media y en la sociedad actual. VISIÓN DE LA ESCUELA La Escuela será una comunidad profesional de aprendizajes [&hellip;]

ESCUELA REPÚBLICA DE ISRAEL E-927

200 años Los Ángeles

https://www.facebook.com/Escuela-República-de-Israel-Los-Ángeles-1828716017412048
